- -3?
-1143
In base 8, what is 1 - -7371?
7372
In base 15, what is c2 + -1?
c1
In base 14, what is 3 - -3d?
42
In base 7, what is 30 + 1516?
1546
In base 7, what is 5 - 54?
-46
In base 11, what is -3 - 129?
-131
In base 11, what is 0 - a3?
-a3
In base 2, what is -1000 + -10000?
-11000
In base 13, what is 6 + -b?
-5
In base 10, what is -172 - -3?
-169
In base 7, what is -23 + 151?
125
In base 12, what is -35 + 1b?
-16
In base 13, what is a2 - 2?
a0
In base 3, what is -202011 - 10?
-202021
In base 9, what is -32 - -51?
18
In base 6, what is 0 + -34?
-34
In base 14, what is 1a - 19?
1
In base 9, what is -337 + -2?
-340
In base 4, what is 200 - -2?
202
In base 8, what is -32334 + 2?
-32332
In base 4, what is -32 + 2?
-30
In base 10, what is -7 - 166?
-173
In base 13, what is 5 - a53?
-a4b
In base 8, what is 1137 - 3?
1134
In base 7, what is 5 + -4134?
-4126
In base 15, what is 1 + -29?
-28
In base 15, what is 2 - 25c?
-25a
In base 2, what is 10001010 + -101?
10000101
In base 2, what is -10111000 - -101?
-10110011
In base 5, what is -1 - -30?
24
In base 11, what is 413 + 4?
417
In base 6, what is 353 - -34?
431
In base 4, what is -100 + -12?
-112
In base 9, what is 3 - 1275?
-1272
In base 5, what is 0 + 2301?
2301
In base 7, what is 130 + -115?
12
In base 15, what is 4 + -127?
-123
In base 7, what is -15 - 1236?
-1254
In base 6, what is -314 + -11?
-325
In base 12, what is -b - -144?
135
In base 5, what is 12 - 12?
0
In base 9, what is -347 - 0?
-347
In base 3, what is 10 + -101?
-21
In base 9, what is 10 + -586?
-576
In base 14, what is -18b - 3?
-190
In base 11, what is 87 - 5?
82
In base 9, what is -1182 + 4?
-1177
In base 10, what is 2 + 242?
244
In base 13, what is -2 - 229?
-22b
In base 3, what is -1 + 100011?
100010
In base 12, what is 110 + -30?
a0
In base 13, what is 8 + 10a?
115
In base 12, what is -30 - -6?
-26
In base 2, what is 101111 + 10010?
1000001
In base 15, what is 5 - -ec?
102
In base 7, what is 22 - 203?
-151
In base 6, what is -5 - -401?
352
In base 2, what is -1011011 - -10100?
-1000111
In base 2, what is -1011010001101 - -10?
-1011010001011
In base 4, what is -33 - 100?
-133
In base 10, what is -4 - -586?
582
In base 9, what is 5 + -160?
-154
In base 3, what is -2 - 202121?
-202200
In base 2, what is 10 - -1000101?
1000111
In base 13, what is a - -91b?
928
In base 11, what is 14 + -332?
-319
In base 12, what is -24020 - 0?
-24020
In base 2, what is -10001110 + -11?
-10010001
In base 15, what is -91e + 5?
-919
In base 4, what is 3021 - 1102?
1313
In base 14, what is -2b - 49?
-76
In base 11, what is 5 + -20?
-16
In base 14, what is -1 + -8c?
-8d
In base 15, what is 6a + 30?
9a
In base 2, what is -1110111011 - 0?
-1110111011
In base 3, what is 10122011 + -10?
10122001
In base 12, what is -951 - -3?
-94a
In base 3, what is -22101 + -21?
-22122
In base 11, what is 53 - 24?
2a
In base 8, what is 7210 - -3?
7213
In base 3, what is 12001 - -12?
12020
In base 13, what is -15 - 56?
-6b
In base 12, what is 1095 + 0?
1095
In base 3, what is 2012 - -201?
2220
In base 5, what is 40024 - -10?
40034
In base 3, what is -1 + 111200?
111122
In base 7, what is -2361 + 11?
-2350
In base 8, what is -17 - -152?
133
In base 11, what is -12022 + 1?
-12021
In base 8, what is -33 + -12?
-45
In base 16, what is 3ba - 1?
3b9
In base 5, what is 4411 - 4?
4402
In base 8, what is -14 - 6?
-22
In base 3, what is -1 - 2000?
-2001
In base 12, what is -10 + -1bb?
-20b
In base 7, what is -34 + 5?
-26
In base 16, what is -2f - -9?
-26
In base 7, what is -4 + 43?
36
In base 7, what is 22 - 45?
-23
In base 8, what is -572 - 2?
-574
In base 7, what is -2432 + 3?
-2426
In base 15, what is -450 + 5?
-44a
In base 5, what is -23431 - -1?
-23430
In base 6, what is 3 + 225?
232
In base 10, what is 172 - -5?
177
In base 6, what is 0 + 535?
535
In base 7, what is -106 + 22?
-54
In base 4, what is -113 - 23?
-202
In base 15, what is -5 + e5?
e0
In base 12, what is 430 + -2?
42a
In base 2, what is 10 - 1100?
-1010
In base 16, what is -15 - 36?
-4b
In base 14, what is -2 + 4a?
48
In base 12, what is -24 + 18?
-8
In base 11, what is 0 - -545?
545
In base 12, what is -1051 - -2?
-104b
In base 6, what is 4 - 200?
-152
In base 15, what is 8e + 4?
93
In base 8, what is 15100 + -5?
15073
In base 3, what is -12 + 11222?
11210
In base 14, what is 5 - b7?
-b2
In base 12, what is 7 + 6?
11
In base 8, what is 0 - -3302?
3302
In base 2, what is -1001110010000 - -100?
-1001110001100
In base 16, what is 7e1 - 4?
7dd
In base 14, what is -2 + -52?
-54
In base 4, what is -10 - -101?
31
In base 14, what is -3 + -57?
-5a
In base 9, what is 4 + -8?
-4
In base 10, what is -10 - 5?
-15
In base 2, what is 100 - 111010100?
-111010000
In base 15, what is -12 + -68?
-7a
In base 12, what is -417 - 5?
-420
In base 14, what is -1 - -11?
10
In base 16, what is -30 + 1a?
-16
In base 3, what is 2 - 10102?
-10100
In base 13, what is -80 - -c?
-71
In base 9, what is -141 + 32?
-108
In base 11, what is -1 + -9a?
-a0
In base 7, what is -103 - 1?
-104
In base 16, what is -3 - -6e?
6b
In base 14, what is 17 - 13?
4
In base 15, what is -8 - -46?
3d
In base 3, what is -1202021012 + -12?
-1202021101
In base 5, what is 311423 - -2?
311430
In base 13, what is -5 + 17?
12
In base 10, what is -7 - -112?
105
In base 7, what is 5 - -66?
104
In base 10, what is -6 + 4?
-2
In base 3, what is -11010 - 11010?
-22020
In base 14, what is 1 - 295c?
-295b
In base 9, what is 0 + -70?
-70
In base 5, what is -32 - -2?
-30
In base 6, what is -5 - 43?
-52
In base 11, what is 5 + 206?
210
In base 13, what is 3 + 11?
14
In base 10, what is 15060 + -5?
15055
In base 8, what is 32 - 3?
27
In base 6, what is -5 - 120?
-125
In base 13, what is -5 - -9b?
96
In base 12, what is -92 - 3?
-95
In base 8, what is -1 + 4516?
4515
In base 12, what is 12 + 76?
88
In base 14, what is -3 - 47?
-4a
In base 5, what is -31 - -12?
-14
In base 16, what is -2 + 1e42?
1e40
In base 13, what is 3 + -2a45?
-2a42
In base 3, what is -111121 - 11?
-111202
In base 6, what is 22 + -44?
-22
In base 16, what is -2c - -1?
-2b
In base 13, what is -2 + -1c9?
-1cb
In base 15, what is -414 + -4?
-418
In base 9, what is 116 - -11?
127
In base 4, what is 310022 - -2?
310030
In base 5, what is -301 + -12?
-313
In base 10, what is 2183 + -9?
2174
In base 3, what is 2020 + 1012?
10102
In base 3, what is 2101202 - 2?
2101200
In base 6, what is 103 + -13?
50
In base 13, what is 0 + 0?
0
In base 11, what is 65 + 7?
71
In base 10, what is 8 - -248?
256
In base 6, what is -331 - -2?
-325
In base 4, what is 111113 - -10?
111123
In base 7, what is -356 - 1?
-360
In base 3, what is -122 - 0?
-122
In base 6, what is 3 - 45224?
-45221
In base 8, what is -7 + 74?
65
In base 14, what is -3 - 39?
-3c
In base 4, what is 13123 + -11?
13112
In base 14, what is 13 - 19?
-6
In base 15, what is 11 - c?
4
In base 12, what is -29 - 107?
-134
In base 8, what is 3 + 613?
616
In base 16, what is -a8 - -5?
-a3
In base 11, what is -8041 - -4?
-8038
In base 16, what is 15a4 + 5?
15a9
In base 11, what is a4 - 14?
90
In base 12, what is -b + -12?
-21
In base 5, what is -3422410 + 1?
-3422404
In base 13, what is 0 + -b9?
-b9
In base 4, what is -1 + 333?
332
In base 16, what is -2d - 4?
-31
In base 6, what is 1235 + -1?
1234
In base 14, what is -700b + 5?
-7006
In base 8, what is 5 - -66?
73
In base 3, what is -10101220 - 12?
-10102002
In base 13, what is -c309 - 4?
-c310
In base 4, what is -212201 - 3?
-212210
In base 10, what is -187 + 14?
-173
In base 2, what is -10 + -101100111000?
-101100111010
In base 15, what is -71 - a?
-7b
In base 6, what is -23 + -20013?
-20040
In base 5, what is 110 + 3?
113
In base 15, what is -4 + -7a?
-7e
In base 11, what is 5 + 2178?
2182
In base 4, what is -2103300 + 1?
-2103233
In base 7, what is 4551 + -1?
4550
In base 15, what is -6a + -3b?
-a6
In base 3, what is 1 - 100020?
-100012
In base 11, what is 861 - -14?
875
In base 9, what is 50 - 138?
-78
In base 5, what is 3401 - 22?
3324
In base 5, what is -103 + 31?
-22
In base 2, what is -101011001100 + 100?
-101011001000
In base 7, what is 2 + 15130?
15132
In base 14, what is -349 - 3?
-34c
In base 10, what is -4 - -6?
2
In base 4, what is 1030023 - -1?
1030030
In base 5, what is -40 - -3?
-32
In base 4, what is -110 